(m) = -30*m + 17. Let h(u) = -5*u + 3. Let j(y) = -6*g(y) + 34*h(y). Suppose -31 = 5*l - 71. Suppose -l*d - 6 = -14. Calculate j(d).
10
Let x(r) = 4*r + 6 + 0 - 2*r - r. Let m = 660 - 653. Determine x(m).
13
Let d(s) = 6*s**2 + 41 - 3*s**2 - 5*s**2 + 2*s**2 + 40*s + 2*s**2. What is d(-19)?
3
Let l(c) = 27*c - 55. Let x(j) = 24*j - 55. Let h(o) = 6*l(o) - 7*x(o). Let n be h(10). Let i(w) = -w**2 - 3*w. What is i(n)?
-10
Suppose -4*m = -2*q - 154, -2*m + 266 = -3*q - 3*m. Let x = q + 103. Let r(c) = -c**3 - 4*c + 21*c**2 + 0 + 3 - x*c**2. Calculate r(5).
-17
Let f(s) be the second derivative of -7*s**3/6 - 115*s**2/2 - 2*s - 110. What is f(-18)?
11
Let d be (-5 - (-2 - 2))/(10/80). Let j(q) be the first derivative of q**2/2 + 11*q - 2. Determine j(d).
3
Suppose 0*i = -5*i + 10. Suppose 4*r - 6*r + 3*m + 7 = 0, 5*m + 15 = 5*r. Let c(h) = r + 2 + 4*h - 5. Calculate c(i).
7
Let f(w) be the third derivative of w**6/120 + w**5/20 - w**4/6 - w**3 + 74*w**2. Let u be f(-1). Let k(v) = -v**3 - v**2 + 36. Determine k(u).
36
Suppose p - 3 = -29. Let z be (23 + p)/(2/(-4) + -1). Let s(k) = -2 + k**z + k**2 + 1 + 0*k - 3*k. What is s(3)?
8
Let v(d) = d - 12. Let n(u) = u**2 - 21*u - 122. Let s be n(26). Determine v(s).
-4
Let j(r) = -6*r**3 - 58*r**2 - 6*r - 60. Let p(s) = 2*s**3 + 19*s**2 + 3*s + 20. Let d(h) = -2*j(h) - 7*p(h). What is d(-8)?
-12
Let v(y) = -6 - y + 4 + 3 + 10*y**2. Let f = -321 - -324. Suppose 32*c = 35*c - f. Determine v(c).
10
Suppose 0 = -3*i + 18 - 9. Let m(f) be the first derivative of -3*f + 14 + 0*f**2 + 22 + i*f**2. What is m(4)?
21
Suppose 2*w - 4*j - 20 - 4 = 0, -4*w + 13 = -j. Let g(i) = 4*i**w - i - 2*i - 1 - 3*i**2 - 8*i + 10*i. Give g(4).
11
Let s(u) = -u**2 + 7095*u**3 - 7092*u**3 + 2 - 11*u + 11*u - 2*u**2. What is s(1)?
2
Let h(f) = 5*f + 5*f**2 + 12*f - 9*f - 3*f - 13. Let l(g) = -4*g**2 - 5*g + 12. Let t(u) = 5*h(u) + 6*l(u). Let k(d) = d. Let a be k(6). What is t(a)?
13
Let q(v) = -1. Let h(m) = -m**3 - m**2 + 9*m - 5. Let r(s) = -h(s) + 5*q(s). Let g(d) be the second derivative of r(d). What is g(3)?
20
Let w(m) be the second derivative of m**5/20 - m**4/4 - m**3/3 - m**2/2 + 2921*m. Determine w(-3).
-49
Suppose 73 = k + 4*v, -3*v - 204 = 3*k - 6*k. Suppose -72*t - 9 = -k*t. Let b(c) = -3*c**2 - 3*c**3 - 15*c + 2*c**3 + 14*c. Calculate b(t).
3
Let l(w) be the first derivative of 2*w**3/3 - 6*w**2 - 35*w - 1170. Determine l(8).
-3
Let i(b) = -b**3 - b**2 + 6. Suppose 1448 = -7*t - 1051. Let y = t + 357. Determine i(y).
6
Let d(r) = r**2 + 6*r + 3. Suppose -8*z - z + 171 = 0. Let c(q) = -19 + 3 - 2*q + 11 - z. Let m be c(-9). Calculate d(m).
3
Suppose 4*k + 2769 = 2765. Let q(c) = -c**3 + c**2 + c. Let h(s) = -14*s**3 + 2*s**2 + s - 1. Let p(j) = h(j) - 2*q(j). What is p(k)?
12
Let n(h) = 3*h**2 + 27*h - 31. Let b(p) = -p**2 - 13*p + 15. Let r(d) = -5*b(d) - 2*n(d). Let q = 38 - 36. Suppose -x + q = -8. Determine r(x).
-3
Let s(a) = 2*a - 2. Suppose -121 + 13 = -2*u. Suppose -t + 4*g + 8 = 0, -3*t - 5*g + 7*g = -u. Let r be 5/(-50) - (-102)/t. Determine s(r).
8
Let m(w) = -2*w**2 - 6*w + 7. Let u(d) = 2*d**2 + 7*d - 6. Let a(f) = -6*m(f) - 5*u(f). Let l be a(-4). Suppose 2*r = -2*r + l. Let s(x) = -x + 5. What is s(r)?
1
Let a(p) = -p**3 + 37*p**2 - 36*p + 15. Let v be a(36). Suppose -54*z = v - 501. Let i(m) = -m + 3. Give i(z).
-6
Let f(d) be the third derivative of 1/20*d**5 + 0*d + 0*d**3 - 1/24*d**4 + 2 - 22*d**2. Give f(-1).
4
Suppose -15*k + 3*k + 108 = 0. Let t(m) = 8*m - 69. Let v be t(k). Let l(z) = -4*z**2 - 3. Let b(q) = 9*q**2 + q + 7. Let h(c) = 2*b(c) + 5*l(c). What is h(v)?
-13
Let b(n) = 10*n - 22. Let j be (3 + -6)*(728/24)/(-13). What is b(j)?
48
Let j(c) = -5*c + 20*c**2 - 12*c - 5*c + 69 - 21*c**2 + 47. Calculate j(-26).
12
Let q = -11 - -14. Let i(c) = 7 - 4*c - q - 2. Suppose -6 = -3*y + 3. What is i(y)?
-10
Let h(z) = 15*z - 13*z - 13*z + 7 + 24*z**2 + 2*z - 10*z**2. Calculate h(1).
12
Let b = 98 - 88. Suppose -b*g + 5 = -15. Let o(f) = -3*f + 128 - g*f - 127. Calculate o(-2).
11
Let x(t) = t**2 - 7*t + 2. Let d = 141 - 144. Let u(a) = -2*a**2 + 21*a - 6. Let j(q) = d*u(q) - 8*x(q). Let c = 140 - 145. Calculate j(c).
-13
Let m(i) = 0*i**2 - 12 - 42*i + 37*i + 5 + 9 - 3*i**2. What is m(1)?
-6
Let n(c) = c - 30. Let s = -303 + 325. Give n(s).
-8
Let z(f) = 2*f**2 + 79*f - 923. Let k be z(-49). Let v(y) = -y**3 + 3 - 7 + 8*y + 0*y**3 + 7*y**2. Determine v(k).
-4
Let n(d) = -2*d**2 + 31*d + 25. Suppose -29*c + 95*c = 1056. Determine n(c).
9
Let p(b) = 3*b + 1. Suppose 4*u = 2*w + 170, -10*w + 213 = 5*u - 12*w. Let q = u - 44. Determine p(q).
-2
Let k be 6/7*(-8)/((-72)/(-63)). Let j(u) = -5*u**3 - 8*u**2 - 5*u + 2. Let w(t) = 7*t**3 + 8*t**2 + 4*t - 1. Let m(o) = -3*j(o) - 2*w(o). Determine m(k).
26
Let c(f) = f**2 + 13*f + 16. Suppose -13*r + 5541 = 1589. Let n = r - 315. Determine c(n).
-6
Let f(l) = -20*l**2 + 491*l + 157. Let y(t) = 2*t**2 - 47*t - 1. Let s(m) = -f(m) - 9*y(m). Calculate s(36).
-4
Let w(m) = -3*m**3 + 5*m**2 - 13*m - 8. Let z(a) = -4*a**3 + 5*a**2 - 11*a - 6. Let c(g) = 3*w(g) - 4*z(g). Give c(2).
46
Let z(l) be the third derivative of 0*l - 56*l**2 + 1/6*l**3 + 0 - 1/8*l**4 + 1/20*l**5 - 1/60*l**6. Give z(2).
-9
Let z(b) = 3 + 98*b - 191*b + 94*b. Let o = -22 - -13. Calculate z(o).
-6
Let f(q) = 52*q + 941. Let j be f(-18). Let u(s) = -s**3 + 6*s**2 - 5*s + 7. What is u(j)?
7
Suppose 4*m = -8 + 24. Let q(n) = 340*n - 4416. Let w be q(13). Suppose -w = v + m*p - 2, -5*p = v. Let c(x) = -x**2 - 8*x + 11. Determine c(v).
-9
Let k be 32/18 - (17/51)/(12/(-8)). Let v(f) be the second derivative of -k*f**2 + 7/12*f**4 + 0 - f**3 - 1/20*f**5 - 17*f. Determine v(6).
-4
Let r(m) = -19. Let t(d) = -2*d - 21. Let y(l) = 3*r(l) - 2*t(l). Give y(8).
17
Let m(u) = u**3 - u**2 + 6*u + 3. Suppose 15 = 3*o, -6*o = -3*z - 2*o - 20. Give m(z).
3
Let y(z) = 37 + 8932*z - 8933*z - 85 + 38. Let o be 2 - 1 - (0 - -11). Give y(o).
0
Let q = 2/1213 + 1205/4852. Let z(f) be the first derivative of -3/2*f**2 - 7*f + 19 + 5/3*f**3 + q*f**4. Give z(-5).
8
Let p(k) be the second derivative of -k**4/12 - 7*k**3/6 - 3*k**2/2 + k - 40. Let x = 33 - 39. Determine p(x).
3
Let l(c) = -5*c + 33*c - 14*c - 18*c + 2*c**2 + 1 - c**2. Suppose -2*h - 2*d = -3*h, 5*d - 5 = 0. Determine l(h).
-3
Let t(l) = -l**3 - 5*l**2 + 2*l - 6. Let f = -471 - -527. Let b = f - 62. Give t(b).
18
Let d(a) = a - 1. Suppose 0 = 5*w + 7*z - 2*z - 210, -3*w = z - 132. Let s be (7/3)/(15/w). Calculate d(s).
6
Suppose 5*a + 40 = 10. Let n(s) be the second derivative of -s**3/2 - 4*s**2 + s + 5. Give n(a).
10
Let y(d) = -6*d + 2. Suppose 3*g - 87 = -9. Let z be 1/3*g/((-182)/105). Determine y(z).
32
Suppose 0 = t + 5 - 16. Let b(c) = -170 - 162 + 319 + 2*c - c. What is b(t)?
-2
Let i(l) = 13*l + 45. Let b = -7140 - -7135. Determine i(b).
-20
Let y = -1544/3 - -515. Let h(s) be the second derivative of 0 + y*s**3 - 6*s + s**2. Give h(6).
14
Let b(l) be the second derivative of 8*l**3/3 - 151*l**2/2 + 1819*l. Give b(10).
9
Suppose -7 + 4 = -3*a. Let q(y) be the third derivative of -7*y**5/15 + y**3/6 - 154*y**2. Calculate q(a).
-27
Let v be 5 + (-3)/1 + 9 - -2. Suppose -16*s + 321 = -v*s. Let j = s + -108. Let p(l) = 17*l**2 + l. Determine p(j).
16
Suppose -46*q + 56*q = 0. Suppose a - 4*p + p - 9 = q, 0 = -2*a - 5*p - 26. Let n(y) = -y**2 - 4*y + 3. Calculate n(a).
6
Let h(f) = -2*f - 6 + 4*f**2 - 3*f - 3*f**2 - 2*f. Suppose -2*d + 2*b - 18 = -58, -125 = -4*d - 5*b. Suppose 4 = -3*q + d. What is h(q)?
-6
Let r(y) = y**3 - 22*y**2 + 41*y - 14. Let q be r(20). Suppose 0 = -5*b - 5*v - 50, -2*b + 4 = 2*v - q*v. Let j(x) = -x**2 - 5*x + 8. Calculate j(b).
2
Let f(g) = 236*g**2 + 150*g + 1 - 235*g**2 - 151*g. Let o(p) = 6*p**2 + 2*p + 14. Suppose -2 = 2*l - 0. Let c(j) = l*o(j) + 5*f(j). Calculate c(-6).
-3
Let c(h) = 7*h**3 + 5*h**2 + 5*h - 34. Let o(v) = 2*v**3 + 6*v**2 + v - 1. Let w(l) = c(l) - 3*o(l). Determine w(13).
-5
Suppose 2*x + 40 = -4*k, -4*k + 6 = 4*x + 38. Let l(s) be the first derivative of s**4/4 + 4*s**3 + 3*s**2/2 + 13*s - 36142. Give l(k).
-23
Let y(k) be the second derivative of -k**5/60 - k**4/8 + 7*k**3/6 - 15*k**2/2 + 261*k. Let m(l) be the first derivative of y(l). Calculate m(-5).
-3
Let p(d) = -d**2 - 6*d - 101. Let 